{"id":98,"date":"2019-09-21T05:55:11","date_gmt":"2019-09-21T03:55:11","guid":{"rendered":"http:\/\/wp.df.uba.ar\/graduados\/?page_id=98"},"modified":"2019-10-18T14:50:35","modified_gmt":"2019-10-18T12:50:35","slug":"lared","status":"publish","type":"page","link":"http:\/\/wp.df.uba.ar\/graduados\/lared\/","title":{"rendered":"La Red"},"content":{"rendered":"\n<h4 class=\"wp-block-heading\">Bienvenides a la Red Laboral de Graduados <\/h4>\n\n\n\n<p>\u00bfEst\u00e1s en el DF o estas en otra instituci\u00f3n? \u00bfEst\u00e1s en Argentina o en otro pa\u00eds? \u00bfA qu\u00e9 te dedic\u00e1s actualmente?<\/p>\n<p>Dejanos tus datos as\u00ed podemos encontrarnos, saber cual es tu trabajo actual, establecer v\u00ednculos laborales. Nos interesa adem\u00e1s tu opini\u00f3n, para que puedas enriquecernos con tu experiencia!<\/p>\n<p>Para incorporarte a la Red, completa tus datos aqu\u00ed <span style=\"color: #00ffff\"><a style=\"color: #00ffff\" href=\"https:\/\/forms.gle\/nQPHfXK3xQUBXdX29\">link<\/a><\/span><\/p>\n<p><span style=\"color: #00ccff\">Para buscar en la Red, us\u00e1 el mapa<\/span><\/p>\n\n\n\n<p><a href=\"https:\/\/www.google.com\/maps\/d\/viewer?mid=1KbprRag29U2wApUQ6qNSjmDSoy5uzAW-&amp;usp=sharing\"><img loading=\"lazy\" decoding=\"async\" class=\"wp-image-237 aligncenter\" src=\"http:\/\/wp.df.uba.ar\/graduados\/wp-content\/uploads\/sites\/36\/2019\/10\/Picture1-300x182.jpg\" alt=\"\" width=\"572\" height=\"347\" srcset=\"http:\/\/wp.df.uba.ar\/graduados\/wp-content\/uploads\/sites\/36\/2019\/10\/Picture1-300x182.jpg 300w, http:\/\/wp.df.uba.ar\/graduados\/wp-content\/uploads\/sites\/36\/2019\/10\/Picture1-768x467.jpg 768w, http:\/\/wp.df.uba.ar\/graduados\/wp-content\/uploads\/sites\/36\/2019\/10\/Picture1-1024x622.jpg 1024w, http:\/\/wp.df.uba.ar\/graduados\/wp-content\/uploads\/sites\/36\/2019\/10\/Picture1-360x219.jpg 360w, http:\/\/wp.df.uba.ar\/graduados\/wp-content\/uploads\/sites\/36\/2019\/10\/Picture1-150x91.jpg 150w\" sizes=\"auto, (max-width: 572px) 100vw, 572px\" \/><\/a><\/p>\n","protected":false},"excerpt":{"rendered":"<p>Bienvenides a la Red Laboral de Graduados \u00bfEst\u00e1s en el DF o estas en otra instituci\u00f3n? \u00bfEst\u00e1s en Argentina o en otro pa\u00eds? \u00bfA qu\u00e9 te dedic\u00e1s actualmente? Dejanos tus datos as\u00ed podemos encontrarnos, saber cual es tu trabajo actual, <a href=\"http:\/\/wp.df.uba.ar\/graduados\/lared\/\" class=\"read-more\">Read More &#8230;<\/a><\/p>\n","protected":false},"author":59,"featured_media":0,"parent":0,"menu_order":3,"comment_status":"closed","ping_status":"closed","template":"","meta":{"_bbp_topic_count":0,"_bbp_reply_count":0,"_bbp_total_topic_count":0,"_bbp_total_reply_count":0,"_bbp_voice_count":0,"_bbp_anonymous_reply_count":0,"_bbp_topic_count_hidden":0,"_bbp_reply_count_hidden":0,"_bbp_forum_subforum_count":0,"footnotes":""},"class_list":["post-98","page","type-page","status-publish","hentry"],"_links":{"self":[{"href":"http:\/\/wp.df.uba.ar\/graduados\/wp-json\/wp\/v2\/pages\/98","targetHints":{"allow":["GET"]}}],"collection":[{"href":"http:\/\/wp.df.uba.ar\/graduados\/wp-json\/wp\/v2\/pages"}],"about":[{"href":"http:\/\/wp.df.uba.ar\/graduados\/wp-json\/wp\/v2\/types\/page"}],"author":[{"embeddable":true,"href":"http:\/\/wp.df.uba.ar\/graduados\/wp-json\/wp\/v2\/users\/59"}],"replies":[{"embeddable":true,"href":"http:\/\/wp.df.uba.ar\/graduados\/wp-json\/wp\/v2\/comments?post=98"}],"version-history":[{"count":46,"href":"http:\/\/wp.df.uba.ar\/graduados\/wp-json\/wp\/v2\/pages\/98\/revisions"}],"predecessor-version":[{"id":240,"href":"http:\/\/wp.df.uba.ar\/graduados\/wp-json\/wp\/v2\/pages\/98\/revisions\/240"}],"wp:attachment":[{"href":"http:\/\/wp.df.uba.ar\/graduados\/wp-json\/wp\/v2\/media?parent=98"}],"curies":[{"name":"wp","href":"https:\/\/api.w.org\/{rel}","templated":true}]}}