{"id":68,"date":"2019-09-04T22:27:29","date_gmt":"2019-09-04T20:27:29","guid":{"rendered":"http:\/\/wp.df.uba.ar\/gdsc\/?page_id=68"},"modified":"2019-09-05T01:18:33","modified_gmt":"2019-09-04T23:18:33","slug":"divulgacion-outreach","status":"publish","type":"page","link":"http:\/\/wp.df.uba.ar\/gdsc\/divulgacion-outreach\/","title":{"rendered":"Divulgaci\u00f3n \/ Outreach"},"content":{"rendered":"\n<p><a href=\"https:\/\/www.df.uba.ar\/es\/prensa\/92-investigacion\/publicaciones\/comunicacion\/7722-entrevista\">Sobre Newton y la arbitrariedad<\/a><\/p>\n\n\n\n<p><a href=\"https:\/\/www.youtube.com\/watch?v=Y8zSOmV2x3Y\">Mastitis Bovina<\/a><\/p>\n\n\n\n<p><a href=\"http:\/\/argentinainvestiga.edu.ar\/noticia.php?id=2758\">Matem\u00e1tica para hacer frente a la mastitis y sus costos<\/a><\/p>\n\n\n\n<p><a href=\"https:\/\/www.lanacion.com.ar\/sociedad\/hernan-solari-zika-dengue-nid1868326\">Hern\u00e1n Solari: Como debemos actuar ante el Zika y el Dengue<\/a><\/p>\n\n\n\n<p><a href=\"https:\/\/dengueinfoar.wordpress.com\/2016\/01\/27\/informacion-sana-sobre-el-dengue\/\">Informaci\u00f3n sana sobre el Dengue<\/a><\/p>\n\n\n\n<p><a href=\"https:\/\/www.lanacion.com.ar\/ciencia\/usan-la-matematica-para-evaluar-la-prevencion-de-epidemias-nid1419380\">Usan la matem\u00e1tica para evaluar la prevenci\u00f3n de epidemias<\/a><\/p>\n\n\n\n<p><a href=\"https:\/\/www.pagina12.com.ar\/diario\/ciencia\/19-221026-2013-05-29.html\">Epidemiolog\u00eda del Dengue en la ciudad<\/a><\/p>\n\n\n\n<p><a href=\"https:\/\/nexciencia.exactas.uba.ar\/simulacro-de-epidemia\">Simulacro de Epidemia<\/a><\/p>\n\n\n\n<p><a href=\"http:\/\/www.fcen.uba.ar\/prensa\/cable\/2013\/pdf\/Cable_831.pdf\">Din\u00e1mica de las epidemias<\/a><\/p>\n\n\n\n<p><\/p>\n\n\n\n<p><\/p>\n","protected":false},"excerpt":{"rendered":"<p>Sobre Newton y la arbitrariedad Mastitis Bovina Matem\u00e1tica para hacer frente a la mastitis y sus costos Hern\u00e1n Solari: Como debemos actuar ante el Zika y el Dengue Informaci\u00f3n sana sobre el Dengue Usan la matem\u00e1tica para evaluar la prevenci\u00f3n &hellip; <a href=\"http:\/\/wp.df.uba.ar\/gdsc\/divulgacion-outreach\/\">Sigue leyendo <span class=\"meta-nav\">&rarr;<\/span><\/a><\/p>\n","protected":false},"author":57,"featured_media":0,"parent":0,"menu_order":5,"comment_status":"closed","ping_status":"closed","template":"","meta":{"_bbp_topic_count":0,"_bbp_reply_count":0,"_bbp_total_topic_count":0,"_bbp_total_reply_count":0,"_bbp_voice_count":0,"_bbp_anonymous_reply_count":0,"_bbp_topic_count_hidden":0,"_bbp_reply_count_hidden":0,"_bbp_forum_subforum_count":0,"footnotes":""},"class_list":["post-68","page","type-page","status-publish","hentry"],"_links":{"self":[{"href":"http:\/\/wp.df.uba.ar\/gdsc\/wp-json\/wp\/v2\/pages\/68","targetHints":{"allow":["GET"]}}],"collection":[{"href":"http:\/\/wp.df.uba.ar\/gdsc\/wp-json\/wp\/v2\/pages"}],"about":[{"href":"http:\/\/wp.df.uba.ar\/gdsc\/wp-json\/wp\/v2\/types\/page"}],"author":[{"embeddable":true,"href":"http:\/\/wp.df.uba.ar\/gdsc\/wp-json\/wp\/v2\/users\/57"}],"replies":[{"embeddable":true,"href":"http:\/\/wp.df.uba.ar\/gdsc\/wp-json\/wp\/v2\/comments?post=68"}],"version-history":[{"count":3,"href":"http:\/\/wp.df.uba.ar\/gdsc\/wp-json\/wp\/v2\/pages\/68\/revisions"}],"predecessor-version":[{"id":74,"href":"http:\/\/wp.df.uba.ar\/gdsc\/wp-json\/wp\/v2\/pages\/68\/revisions\/74"}],"wp:attachment":[{"href":"http:\/\/wp.df.uba.ar\/gdsc\/wp-json\/wp\/v2\/media?parent=68"}],"curies":[{"name":"wp","href":"https:\/\/api.w.org\/{rel}","templated":true}]}}